{"id":7,"date":"2019-01-27T16:11:10","date_gmt":"2019-01-27T15:11:10","guid":{"rendered":"https:\/\/wp.udh-bayern.de\/?page_id=7"},"modified":"2025-09-28T07:52:29","modified_gmt":"2025-09-28T05:52:29","slug":"impressum","status":"publish","type":"page","link":"https:\/\/udh-bayern.de\/index.php\/impressum\/","title":{"rendered":"Impressum"},"content":{"rendered":"<h3>Impressum<\/h3>\n<p>&nbsp;<\/p>\n<p><strong>Vertretungsberechtigter Vorstand\u00a0<\/strong><\/p>\n<p><strong>1. Vorsitzender:<\/strong><br \/>\nChristian Vater<\/p>\n<p>e-Mail: <a class=\"cm_anchor\" href=\"mailto:christian.vater@udh-bayern.de\">christian.vater(at)udh-bayern.de<\/a><\/p>\n<p>&nbsp;<\/p>\n<p><strong>Stellvertreterin:<\/strong><br \/>\nBrigitte Wimmer<\/p>\n<p>e-Mail: <a class=\"cm_anchor\" href=\"mailto:brigitte.wimmer@udh-bayern.de\">brigitte.wimmer(at)udh-bayern.de<\/a><\/p>\n<p><strong><br \/>\nStellvertreterin:<\/strong><br \/>\nStefanie Siebinger-Loehrke<\/p>\n<p>e-Mail: <a href=\"mailto:Stefanie.Siebinger@udh-bayern.de\">Stefanie.Siebinger(at)udh-bayern.de<\/a><\/p>\n<p><strong>Postanschrift:<\/strong><\/p>\n<p>UDH Landesverband Bayern e. V.<br \/>\nPostfach 60 08 12<br \/>\n81208 M\u00fcnchen<\/p>\n<p>Telefon: +49 (0)160 \u2013 42 49 92 3<br \/>\nMail :\u00a0<a href=\"mailto:info@udh-bayern.de\">info@udh-bayern.de<\/a><br \/>\nWeb :\u00a0<a href=\"http:\/\/www.udh-bayern.de\/\" target=\"_blank\" rel=\"noopener noreferrer\">www.udh-bayern.de<\/a><\/p>\n<p><strong>Registergericht<\/strong><\/p>\n<p>Amtsgericht M\u00fcnchen<br \/>\nRegisternummer: VR 202 717<\/p>\n<p>Steuernummer<\/p>\n<p>DE 143\/223\/21156<\/p>\n<p>&nbsp;<\/p>\n<p><strong>Inhaltlich Verantwortlicher gem\u00e4\u00df \u00a718 Abs 2 MStV<\/strong><\/p>\n<p>Christian Vater<\/p>\n<p>e-Mail: <a class=\"cm_anchor\" href=\"mailto:christian.vater@udh-bayern.de\">christian.vater@udh-bayern.de<\/a><\/p>\n<p><strong>Bildquellen: <\/strong>eigenes Archiv des Verbandes<\/p>\n<p><strong>Realisation, Gestaltung und Betreuung:<\/strong><\/p>\n<p>Claudia H\u00f6nig UG, Friedrichsdorf, Die Unternehmensberatung f\u00fcr Heilberufe<br \/>\n<a href=\"http:\/\/www.erfolg-in-heilberufen.de\/\">www.erfolg-in-heilberufen.de<\/a><\/p>\n<p><strong>Streitschlichtung<\/strong><\/p>\n<p>Die Europ\u00e4ische Kommission stellt eine Plattform zur Online-Streitbeilegung (OS) bereit: <a href=\"https:\/\/ec.europa.eu\/consumers\/odr\">https:\/\/ec.europa.eu\/consumers\/odr<\/a>. Unsere E-Mail-Adresse finden Sie oben im Impressum.<\/p>\n<p><strong>Verbraucherstreitbeilegung\/Universalschlichtungsstelle <\/strong><\/p>\n<p>Wir sind nicht bereit oder verpflichtet, an Streitbeilegungsverfahren vor einer Verbraucherschlichtungsstelle teilzunehmen<\/p>\n<p><strong>Haftungsausschluss (Disclaimer)<\/strong><\/p>\n<p><strong>Haftung f\u00fcr Inhalte<\/strong><\/p>\n<p>Als Dienstanbieter sind wir gem\u00e4\u00df \u00a7 7 Abs.1 TMG f\u00fcr eigene Inhalte auf diesen Seiten nach den allgemeinen Gesetzen verantwortlich. Nach \u00a7\u00a7 8 bis 10 TMG sind wir als Dienstanbieter jedoch nicht verpflichtet, \u00fcbermittelte oder gespeicherte fremde Informationen zu \u00fcberwachen oder nach Umst\u00e4nden zu forschen, die auf eine rechtswidrige T\u00e4tigkeit hinweisen. Verpflichtungen zur Entfernung oder Sperrung der Nutzung von Informationen nach den allgemeinen Gesetzen bleiben hiervon unber\u00fchrt. Eine diesbez\u00fcgliche Haftung ist jedoch erst ab dem Zeitpunkt der Kenntnis einer konkreten Rechtsverletzung m\u00f6glich. Bei Bekanntwerden von entsprechenden Rechtsverletzungen werden wir diese Inhalte umgehend entfernen.<\/p>\n<p><strong>Haftung f\u00fcr Links<\/strong><\/p>\n<p>Unser Angebot enth\u00e4lt Links zu externen Webseiten Dritter, auf deren Inhalte wir keinen Einfluss haben. Deshalb k\u00f6nnen wir f\u00fcr diese fremden Inhalte auch keine Gew\u00e4hr \u00fcbernehmen. F\u00fcr die Inhalte der verlinkten Seiten ist stets der jeweilige Anbieter oder Betreiber der Seiten verantwortlich. Die verlinkten Seiten wurden zum Zeitpunkt der Verlinkung auf m\u00f6gliche Rechtsverst\u00f6\u00dfe \u00fcberpr\u00fcft. Rechtswidrige Inhalte waren zum Zeitpunkt der Verlinkung nicht erkennbar. Eine permanente inhaltliche Kontrolle der verlinkten Seiten ist jedoch ohne konkrete Anhaltspunkte einer Rechtsverletzung nicht zumutbar. Bei Bekanntwerden von Rechtsverletzungen werden wir derartige Links umgehend entfernen.<\/p>\n<p><strong>Urheberrecht<\/strong><\/p>\n<p>Die durch die Seitenbetreiber erstellten Inhalte und Werke auf diesen Seiten unterliegen dem deutschen Urheberrecht. Die Vervielf\u00e4ltigung, Bearbeitung, Verbreitung und jede Art der Verwertung au\u00dferhalb der Grenzen des Urheberrechtes bed\u00fcrfen der schriftlichen Zustimmung des jeweiligen Autors bzw. Erstellers. Downloads und Kopien dieser Seite sind nur f\u00fcr den privaten, nicht kommerziellen Gebrauch gestattet. Soweit die Inhalte auf dieser Seite nicht vom Betreiber erstellt wurden, werden die Urheberrechte Dritter beachtet. Insbesondere werden Inhalte Dritter als solche gekennzeichnet. Sollten Sie trotzdem auf eine Urheberrechtsverletzung aufmerksam werden, bitten wir um einen entsprechenden Hinweis. Bei Bekanntwerden von Rechtsverletzungen werden wir derartige Inhalte umgehend entfernen.<\/p>\n","protected":false},"excerpt":{"rendered":"<p>Impressum &nbsp; Vertretungsberechtigter Vorstand\u00a0 1. Vorsitzender: Christian Vater e-Mail: christian.vater(at)udh-bayern.de &nbsp; Stellvertreterin: Brigitte Wimmer e-Mail: brigitte.wimmer(at)udh-bayern.de Stellvertreterin: Stefanie Siebinger-Loehrke e-Mail: Stefanie.Siebinger(at)udh-bayern.de Postanschrift: UDH Landesverband Bayern e. V. Postfach 60 08 12 81208 M\u00fcnchen Telefon: +49 (0)160 \u2013 42 49 92 3 Mail :\u00a0info@udh-bayern.de Web :\u00a0www.udh-bayern.de Registergericht Amtsgericht M\u00fcnchen Registernummer: VR 202 717 Steuernummer DE 143\/223\/21156 [&hellip;]<\/p>\n","protected":false},"author":2,"featured_media":0,"parent":0,"menu_order":0,"comment_status":"closed","ping_status":"closed","template":"","meta":{"footnotes":""},"class_list":["post-7","page","type-page","status-publish","hentry"],"_links":{"self":[{"href":"https:\/\/udh-bayern.de\/index.php\/wp-json\/wp\/v2\/pages\/7","targetHints":{"allow":["GET"]}}],"collection":[{"href":"https:\/\/udh-bayern.de\/index.php\/wp-json\/wp\/v2\/pages"}],"about":[{"href":"https:\/\/udh-bayern.de\/index.php\/wp-json\/wp\/v2\/types\/page"}],"author":[{"embeddable":true,"href":"https:\/\/udh-bayern.de\/index.php\/wp-json\/wp\/v2\/users\/2"}],"replies":[{"embeddable":true,"href":"https:\/\/udh-bayern.de\/index.php\/wp-json\/wp\/v2\/comments?post=7"}],"version-history":[{"count":17,"href":"https:\/\/udh-bayern.de\/index.php\/wp-json\/wp\/v2\/pages\/7\/revisions"}],"predecessor-version":[{"id":4487,"href":"https:\/\/udh-bayern.de\/index.php\/wp-json\/wp\/v2\/pages\/7\/revisions\/4487"}],"wp:attachment":[{"href":"https:\/\/udh-bayern.de\/index.php\/wp-json\/wp\/v2\/media?parent=7"}],"curies":[{"name":"wp","href":"https:\/\/api.w.org\/{rel}","templated":true}]}}